{"id":217,"date":"2020-08-09T16:41:37","date_gmt":"2020-08-09T16:41:37","guid":{"rendered":"http:\/\/www1.bunter-mariposa.com\/?page_id=76"},"modified":"2020-08-09T16:41:37","modified_gmt":"2020-08-09T16:41:37","slug":"schmuckdesign","status":"publish","type":"page","link":"https:\/\/www1.bunter-mariposa.com\/?page_id=217","title":{"rendered":"Schmuckdesign"},"content":{"rendered":"\n<p>Hier finden Sie alles, was mit dem Design meines \u00f6ko-nachhaltigen Schmucks zu tun hat, nicht nur die Fotos der Sch\u00f6nheiten, die ich entwerfe, sondern ein wenig von seiner Geschichte. <\/p>\n\n\n\n<p>Nespresso-Kaffeemaschinen wurden vor etwas  20 Jahre erfunden und begannen ihren Siegeszug. Es war um 2012, als ich begann neugierig auf den Schmuck mit diesen Kapseln zu werden; Ich m\u00f6chte Ihnen sagen, dass ich keine Nespresso-Maschine habe und auch nicht haben werde, aber der beste Freund meines Mannes hatte eine und zeigte mir die Kapseln, ich war fasziniert von der Farbe und wie sch\u00f6n sie waren, ich fragte sofort, was mit der Kapsel geschieht nachdem sie verwendet wurden? Die Antwort war nicht verwunderlich; ab  in den M\u00fcll!  Ich begann einfache Schmuck aus den Aluminiumkapseln zu fertigen&#8230;. Bis mir eines Tages auffiel, dass ich feinere Braut-Accessoires machen k\u00f6nnte. Alle dachten ich  sei verr\u00fcckt, f\u00fcr eine lange Zeit war es nur in meinem Kopf , , ich machte Skizzen, aber ich scheute die Umsetzung. Eines Tages konnte ich nicht schlafen , so stand ich auf und an diesem Tag wie eine schmerzhafte Geburt kam um 2 Uhr morgens meine erste Tiara, ich war ersch\u00f6pft und gleichzeitig aufgeregt und das Ergebnis konnte sich sehen lassen. Es war wirklich die M\u00fche wert, aber es blieb in einer Schublade und erst im M\u00e4rz 2020  mit der Covid-19-Krise beschloss ich , alles in die Realit\u00e4t umsetzen. Es lohnt sich zu tr\u00e4umen, aber auch Tr\u00e4ume in die Realit\u00e4t umzusetzen. Ich wei\u00df, dass es noch viel zu tun gibt, aber ich nehme die Herausforderung an und setze den Himmel als mein Ziel! <\/p>\n\n\n\n<p><\/p>\n","protected":false},"excerpt":{"rendered":"<p>Hier finden Sie alles, was mit dem Design meines \u00f6ko-nachhaltigen Schmucks zu tun hat, nicht nur die Fotos der Sch\u00f6nheiten, die ich entwerfe, sondern ein wenig von seiner Geschichte. Nespresso-Kaffeemaschinen wurden vor etwas 20 Jahre erfunden und begannen ihren Siegeszug. Es war um 2012, als ich begann neugierig auf den Schmuck mit diesen Kapseln zu &hellip; <\/p>\n<p class=\"link-more\"><a href=\"https:\/\/www1.bunter-mariposa.com\/?page_id=217\" class=\"more-link\"><span class=\"screen-reader-text\">\u201eSchmuckdesign\u201c <\/span>weiterlesen<\/a><\/p>\n","protected":false},"author":1,"featured_media":0,"parent":0,"menu_order":1,"comment_status":"closed","ping_status":"closed","template":"","meta":{"footnotes":""},"class_list":["post-217","page","type-page","status-publish","hentry"],"_links":{"self":[{"href":"https:\/\/www1.bunter-mariposa.com\/index.php?rest_route=\/wp\/v2\/pages\/217","targetHints":{"allow":["GET"]}}],"collection":[{"href":"https:\/\/www1.bunter-mariposa.com\/index.php?rest_route=\/wp\/v2\/pages"}],"about":[{"href":"https:\/\/www1.bunter-mariposa.com\/index.php?rest_route=\/wp\/v2\/types\/page"}],"author":[{"embeddable":true,"href":"https:\/\/www1.bunter-mariposa.com\/index.php?rest_route=\/wp\/v2\/users\/1"}],"replies":[{"embeddable":true,"href":"https:\/\/www1.bunter-mariposa.com\/index.php?rest_route=%2Fwp%2Fv2%2Fcomments&post=217"}],"version-history":[{"count":1,"href":"https:\/\/www1.bunter-mariposa.com\/index.php?rest_route=\/wp\/v2\/pages\/217\/revisions"}],"predecessor-version":[{"id":218,"href":"https:\/\/www1.bunter-mariposa.com\/index.php?rest_route=\/wp\/v2\/pages\/217\/revisions\/218"}],"wp:attachment":[{"href":"https:\/\/www1.bunter-mariposa.com\/index.php?rest_route=%2Fwp%2Fv2%2Fmedia&parent=217"}],"curies":[{"name":"wp","href":"https:\/\/api.w.org\/{rel}","templated":true}]}}